8 + 595. Let t(a) = 3*a**3 - a**2 - 7*a + 13. Let y(p) = -3*p**3 + 7*p - 13. Let k(m) = 6*t(m) + 5*y(m). Is k(q) a prime number?
False
Is (-15)/((-780)/8) - (-11)/((-286)/(-11707458)) composite?
False
Let s be (-5)/(-1) + -7 + 4. Suppose 5*y + s*c + 7259 = 104924, -2*y + 5*c + 39095 = 0. Is y prime?
False
Suppose -8 = q - 3*q + 2*g, 0 = -5*q - g + 44. Suppose 0 = -q*u - 0*u + 7104. Let f = u + 46. Is f prime?
False
Is 93706*(19 - (-407)/(-22)) a prime number?
True
Suppose 3*u - 2*a + 3*a = -11, -3*u + 5*a = -1. Let w be -5 + 21/3 + u/(-1). Suppose 7963 = w*p + 2478. Is p a composite number?
False
Let i(n) = -n**3 - 29*n**2 + 625*n + 307. Is i(-50) a prime number?
True
Let z = 56729 - 563. Let w = -26377 + z. Is w prime?
True
Let j = 102 + -83. Suppose -i = -j + 17. Suppose 5*k - 30867 = -a, i*k - 12352 = -0*k - 3*a. Is k a composite number?
False
Let h = 268365 + -164696. Is h prime?
True
Suppose -4*t = -4*r - 575396, 5*t + 24*r - 26*r = 719263. Is t a prime number?
False
Let p be 456/84 + (-1)/((-21)/(-9)). Suppose p*g = t + 27758, -t = -2*g + 3344 + 7761. Suppose g = 8*q - 1465. Is q composite?
False
Suppose 4*n = y - 143981 - 193698, -3*n + 675391 = 2*y. Is y prime?
True
Suppose 5*p - 2376*d = -2373*d + 1137094, d + 227420 = p. Is p a prime number?
False
Suppose 15 - 2 = -h. Let r(s) = 2*s**3 - 13*s**2 - 16*s - 4. Let l(p) = 3*p**3 - 12*p**2 - 17*p - 4. Let o(b) = -4*l(b) + 5*r(b). Is o(h) composite?
True
Suppose 7 = p - 2*x, 2*x + 2 - 4 = 0. Suppose 4*f - 3 = -3*s + p, -9 = -3*s - 3*f. Suppose r - 567 - 624 = s. Is r composite?
True
Suppose -33*s + z - 2134502 = -37*s, -30 = 5*z. Is s composite?
True
Let p(s) = 11779*s**2 + 16*s - 12. Is p(-5) prime?
True
Suppose -3*a - 14 = 4*s, 3*s - 11 + 34 = 4*a. Let n(i) = 38*i**2 - 17*i**2 - i**a + 1 + 10*i. Is n(8) a prime number?
True
Suppose 29455240 + 52856147 = 183*h. Is h prime?
False
Let o = 13 + -20. Let y = o + 7. Suppose -2*z - 3*l = -598, y*z = z - 3*l - 281. Is z a prime number?
True
Suppose -8*a - 4*w - 158911 = -9*a, -4*w = -3*a + 476693. Suppose a = 18*f + 11*f. Is f a prime number?
True
Let i(d) = -5*d + 21. Let f be i(3). Suppose 85990 + 56348 = f*m. Is m a prime number?
False
Is 2/(-2)*((-3 + 4)*-5 - 218918) prime?
True
Let n(t) = 1533*t**2 - 32*t - 742. Is n(-25) composite?
False
Let i(w) = 215*w**3 + 15*w**2 + 14*w + 30. Let n be i(12). Suppose -130723 + n = 55*x. Is x prime?
True
Suppose 3*g + 6639 = 3*c, 18*c + 5*g = 14*c + 8888. Is c a composite number?
True
Let j(q) = 20*q - 118. Let t be j(-30). Let y = t + 1391. Is y a composite number?
False
Suppose -4*q = 8, 3*q = -4*r - 0*r + 2. Let s be 0 + 3 - 532/r. Let u = -148 - s. Is u composite?
True
Let d(p) = 21808*p**2 + 17*p + 17. Let w be d(-1). Let y = -12693 + w. Is y prime?
False
Suppose 8*l = 5*l. Let h(g) = 50*g + 2645. Let k(a) = 18*a + 881. Let m(d) = 3*h(d) - 8*k(d). Is m(l) a prime number?
True
Let k = -38 - -44. Suppose -6 = -k*y + 6. Suppose -10*i + 5755 = 4*p - 9*i, -y*i = -6. Is p a prime number?
False
Let u(q) = -6*q + 52. Let x be u(10). Let l(s) = 34*s**2 - 5*s + 15. Is l(x) a prime number?
False
Is 48886 + (-3)/(-4)*(-72)/18 composite?
False
Let l(n) = -n**3 + 13*n**2 - n + 18. Let y be l(13). Suppose -3*i + 2*f + 283 = 3*f, -y*i = 4*f - 467. Suppose 4*k - 909 = i. Is k prime?
True
Suppose -13*h + 12669965 = 45*h - 3*h. Is h composite?
True
Let w be ((-5)/(-2))/(-3 - 518/(-172)). Suppose -p + 5*f + w = -133, 5*p - 1740 = f. Let v = p - 185. Is v a prime number?
True
Let r(k) = 196*k**2 + 9*k + 5674. Is r(-65) a composite number?
True
Let m(z) = z**3 + 47*z**2 - 95*z - 63. Let r be m(-41). Suppose 2 = f, -f + r - 743 = 3*t. Is t a prime number?
True
Suppose -3*u + 914 = -17551. Let q = u - 2352. Is q a composite number?
False
Let u = 41 + -37. Let p(k) = 2*k - 8. Let z be p(u). Suppose -7*j + 1069 - 180 = z. Is j composite?
False
Suppose k + 3*k - 2*h = -4, k + 2*h - 4 = 0. Let a(o) = 58 - 98 - o**2 + 306 + 2*o + 205. Is a(k) composite?
True
Let g(m) = -2*m**2 + 15*m + 11. Let n be g(8). Suppose 0 = -n*q - 20 + 899. Suppose -q + 1471 = 2*t. Is t prime?
False
Suppose -48 = 5*a - 78. Let w(h) = 63*h**3 + 13*h**2 + 5*h - 11. Is w(a) a composite number?
True
Let f = 20 + -21. Let n be f*(-2)/14 + (-673)/7. Is (-255)/(-11) + 2 + n/44 prime?
True
Is 5441904/88 - (0 - -3) - (-2)/11 a prime number?
True
Let g be 0 - (-6284)/(-2) - (-15)/5. Let u = 1917 + g. Let q = 1889 + u. Is q prime?
False
Let y(q) be the second derivative of 101*q**5/20 - 3*q**4/4 + q**3 + 77*q**2/2 + 85*q. Is y(7) a prime number?
False
Let s = 10669 + 39912. Is s a composite number?
False
Suppose -1212*v = -1168*v - 95084. Is v prime?
True
Suppose 0 = 2*b - 11 + 5. Is 3 - 6 - -5*114/b a composite number?
True
Let l(v) be the first derivative of -v**4/4 + 2*v**3/3 - v**2 + 907*v - 1. Suppose -34*r = 27*r. Is l(r) composite?
False
Let l(x) = 12*x**3 - 33*x**2 - 188*x + 580. Is l(31) a prime number?
False
Let v(q) = 4 + 0*q + 7 + 3*q + 257*q**2 + 0. Is v(3) composite?
False
Suppose s = -3*w - 4537, w = -2*w - 3*s - 4533. Let q = -78 - w. Suppose p - 748 = 3*b + q, 8800 = 4*p + 5*b. Is p a prime number?
False
Let u(p) = -p**3 + 9*p**2 + 8*p + 2. Let w be u(8). Suppose y - 31 = -w. Let f = y - -193. Is f prime?
False
Suppose 122653 = -215*p + 217*p - 3*q, 3*p - 3*q = 183984. Is p a prime number?
True
Is (22838 - -21) + ((-12)/14)/((-3)/(-21)) a prime number?
True
Suppose -3*w + 132177 = 3*v, 88901 - 807 = 2*v - 2*w. Is v prime?
True
Let a be 5/(-10)*10 - (1410 + 0). Let v = 2412 + a. Is v composite?
False
Let o = -154450 - -231203. Is o a prime number?
True
Let p be (-4)/(3 - -1) + -6*1. Let c(s) = -s**2 - 7*s. Let h be c(p). Suppose 0 = -4*o - 23 + 3, 5*l - 3*o - 1310 = h. Is l prime?
False
Let z(r) be the second derivative of 11*r**4/3 - 7*r**3/3 - 19*r**2/2 + 170*r. Is z(-5) a composite number?
False
Let x(w) = 12*w**2 - 12*w - 10. Let o = 119 - 108. Let y be x(o). Suppose -292 = t - y. Is t a prime number?
False
Let s = 288065 - 501837. Is 4/14 + s/(-28) + -2 a composite number?
True
Let o = 26866 - 15795. Is o prime?
True
Let r = -67 - -66. Let g be (3 - -8969 - r) + 1. Is (-21)/14*g/(-3) a prime number?
False
Suppose -16*f = -14*f - 8. Suppose -2*q = 3*j - 3485 - 858, -4 = f*j. Is q composite?
True
Let f(u) = 2265*u - 283. Let k be 3*(-4)/12 + 2 + 3. Is f(k) prime?
False
Let g = 3 - 1. Suppose -3*z = -g*u - 2*z + 23, 0 = 3*u + z - 27. Suppose -h + s + 99 = -119, 0 = 2*s - u. Is h prime?
True
Let o be -2*(-3 - (4 + -2))/(-1). Let k be 9/2*o/(-15). Is -22*k/6*-163*1 a prime number?
False
Suppose 5*g = -4*r + 18, 2*r - 14 = -g - 4*g. Suppose f + 2681 = r*f. Let y = f - 1878. Is y prime?
False
Let s = -34 - -4. Let x be (444/(-9))/(4/s). Suppose -2*b = -0*b - 3*q - x, -3*q + 555 = 3*b. Is b prime?
False
Suppose 689 = 2*m - 3703. Let f = m - 559. Is f prime?
True
Let o = 97 + -806. Let h = 710 - o. Suppose -d = -496 - h. Is d a composite number?
True
Let g be 16/(-6)*3 - (-3 + 0). Let b = g - -5. Suppose -4*t + 23 - 3 = 0, -5*a - 5*t + 2270 = b. Is a composite?
False
Suppose 2*f + 104264 = 4*r - 2*r, f + 52138 = 4*r. Is 8/(-36) + -3 + f/(-9) a prime number?
False
Is (11 + (-7 - 43566))/((-2)/1) a prime number?
False
Suppose -d = 2*p + 345 + 1108, -5*d = -25. Let r = -60 - p. Is r a composite number?
True
Let m(j) = -927*j - 108. Let r be m(-4). Suppose -2*i + 2*k + r = -9176, i = 4*k + 6397. Is i a prime number?
False
Suppose 0 = -2*t + 4*s - 4 + 28, -2*t - 3*s = 4. Suppose -5*j + 873 = -4*f - 7224, -2*j = t*f - 3250. Is j composite?
False
Is (0 + 2/(-1))*170/(-68) + 9668 prime?
False
Let w be (-4)/(-26) + 48918/(-78). Let j = 260 - w. Is j a prime number?
True
Let n be (-1 + -2)*((-40)/(-24))/(45/36). Suppose -5*x = -t + 17, -x - 7 = t + 2*x. Is t/n*(2 + -116) a prime number?
False
Let b = -104717 + 192124. Is b a prime number?
True
Suppose -l + 2 = 0, 7*x - 4*l = 2*x + 180532. Suppose -18*k - 18*k + x = 0. Is k prime?
False
Let d = -7 - -11. Suppose d*l - 42478 = 2*n, 4*l - 3*n = n + 42476. Suppose 4*u = 2*z + l, 3*z + 332 + 10284 = 4*u. Is u a prime number?
True
Let i = 132199 + 68964. Is i a prime number?
True
Let d(v) = -7717*v + 29. Let s(m) = 7715*m - 30. Let j(a) = -4*d(a) - 3*s(a). Is j(3) a prime number?
True
Let l = 6938 - 3177. Suppos